 number?
False
Is 355630477 prime?
False
Is 101854279 composite?
False
Is 8787157 a prime number?
True
Is 23470949 composite?
True
Is 171571447 prime?
True
Is 21714443 a composite number?
False
Is 23663821 composite?
False
Is 21848063 a composite number?
False
Is 35485537 composite?
False
Is 10000581 prime?
False
Is 5482907 a composite number?
False
Is 236377447 prime?
False
Is 2315353 a composite number?
True
Is 2994281 prime?
True
Is 19111711 a prime number?
True
Is 6499705 prime?
False
Is 16862783 composite?
True
Is 744040229 prime?
False
Is 22914299 composite?
False
Is 146701867 composite?
True
Is 47196187 prime?
True
Is 793457957 a composite number?
False
Is 1021367 prime?
True
Is 2020709 a composite number?
True
Is 2958542 a prime number?
False
Is 734857 prime?
False
Is 17835379 a composite number?
False
Is 159644363 a prime number?
True
Is 28533881 a composite number?
False
Is 3782227 a composite number?
True
Is 71447689 prime?
False
Is 6609737 prime?
True
Is 11483159 a composite number?
True
Is 173788961 a composite number?
True
Is 13437481 prime?
True
Is 220641203 a prime number?
True
Is 58067957 a composite number?
False
Is 279103997 a composite number?
False
Is 16678357 composite?
False
Is 14165989 a prime number?
False
Is 97991693 composite?
False
Is 26414081 composite?
True
Is 88266361 a prime number?
True
Is 13325489 composite?
False
Is 61812251 prime?
True
Is 1897327 a composite number?
False
Is 4453045 a composite number?
True
Is 2908261 prime?
True
Is 3631841 composite?
False
Is 7015073 prime?
False
Is 26300653 prime?
False
Is 17985641 a prime number?
False
Is 14907833 a composite number?
True
Is 12553511 a composite number?
False
Is 211040629 composite?
False
Is 74592457 composite?
False
Is 101532467 a prime number?
False
Is 1570039 a prime number?
False
Is 12220358 prime?
False
Is 36122395 a composite number?
True
Is 35958079 prime?
True
Is 328783883 a prime number?
True
Is 998069 prime?
True
Is 1963963 a prime number?
False
Is 23670631 a prime number?
False
Is 6289579 composite?
False
Is 685833719 a prime number?
True
Is 8821807 prime?
True
Is 279679 a composite number?
False
Is 52338539 prime?
False
Is 1131635243 composite?
True
Is 178307 a composite number?
False
Is 4863266 composite?
True
Is 74562991 a composite number?
False
Is 20632411 composite?
False
Is 10498883 composite?
True
Is 2227337 a composite number?
True
Is 1111757 composite?
False
Is 201758981 a prime number?
True
Is 12767039 a prime number?
True
Is 8458841 a prime number?
False
Is 8320159 a composite number?
False
Is 49132451 prime?
True
Is 8529559 a prime number?
True
Is 46346639 a prime number?
True
Is 98696093 composite?
False
Is 5188969 a composite number?
False
Is 1438289 prime?
False
Is 160911055 a prime number?
False
Is 10474707 a composite number?
True
Is 675097253 composite?
False
Is 216628147 a composite number?
False
Is 6450391 prime?
True
Is 817679 a prime number?
True
Is 9178979 prime?
True
Is 283345123 prime?
False
Is 601123 composite?
True
Is 1064834 a prime number?
False
Is 2407459 composite?
False
Is 31026917 a prime number?
False
Is 121664307 a prime number?
False
Is 189874483 composite?
False
Is 490895123 a composite number?
True
Is 3944309 prime?
True
Is 14649097 a prime number?
False
Is 54872677 prime?
False
Is 135711409 a prime number?
False
Is 10196257 a prime number?
True
Is 8281639 a prime number?
True
Is 105180487 a prime number?
True
Is 761602701 a composite number?
True
Is 16666997 a prime number?
True
Is 165523019 prime?
False
Is 149659777 a composite number?
False
Is 57369971 a prime number?
False
Is 154624921 a prime number?
False
Is 17339531 a prime number?
False
Is 3020117 prime?
True
Is 151344023 prime?
False
Is 216668387 a composite number?
True
Is 23063717 a composite number?
False
Is 6434551 a composite number?
True
Is 13731727 a composite number?
False
Is 124591699 a prime number?
False
Is 8985653 a prime number?
True
Is 458726531 a composite number?
False
Is 260658763 a composite number?
False
Is 935029 prime?
False
Is 8771887 a composite number?
False
Is 25630499 a composite number?
False
Is 2136287 a composite number?
False
Is 187743 a prime number?
False
Is 22737427 prime?
True
Is 18291401 a prime number?
False
Is 545047 a prime number?
False
Is 1095001 prime?
False
Is 11530003 composite?
True
Is 46248283 a prime number?
False
Is 65078803 prime?
True
Is 113724157 a composite number?
False
Is 593461 a composite number?
True
Is 159016699 a prime number?
True
Is 29549413 composite?
False
Is 800609 a composite number?
True
Is 8343941 prime?
True
Is 188537729 a prime number?
False
Is 8358731 a prime number?
True
Is 68007493 a composite number?
False
Is 8620841 composite?
False
Is 25124587 prime?
False
Is 3490943 a composite number?
True
Is 965618681 composite?
True
Is 2258713 a prime number?
True
Is 86744813 composite?
True
Is 42036389 a prime number?
True
Is 133843009 a composite number?
False
Is 68305873 prime?
True
Is 13971887 composite?
False
Is 457557 prime?
False
Is 22387 a prime number?
False
Is 24087199 a prime number?
False
Is 20740631 prime?
True
Is 5153257 a prime number?
True
Is 3593791 a composite number?
False
Is 74267399 prime?
False
Is 471727 prime?
False
Is 119141 a composite number?
True
Is 28614119 composite?
True
Is 3109217 a prime number?
False
Is 6524803 composite?
False
Is 291606503 a prime number?
True
Is 256019 a composite number?
False
Is 51190463 prime?
False
Is 146597389 a prime number?
True
Is 116531369 prime?
True
Is 84018637 a prime number?
True
Is 36796037 prime?
False
Is 9515069 prime?
True
Is 21450353 a prime number?
True
Is 8381371 prime?
True
Is 5333857 a prime number?
True
Is 1745363 a prime number?
False
Is 21397999 composite?
True
Is 4567307 prime?
False
Is 560357 a prime number?
False
Is 15212123 prime?
True
Is 2753611 prime?
False
Is 1786721 composite?
False
Is 10137563 prime?
True
Is 81628397 a prime number?
False
Is 2878247 prime?
True
Is 31137053 composite?
False
Is 197880269 a composite number?
True
Is 38548067 a composite number?
False
Is 1569203 composite?
False
Is 7239055 composite?
True
Is 8656423 composite?
False
Is 153905549 composite?
True
Is 5095301 a prime number?
False
Is 8991403 a prime number?
False
Is 236723645 a prime number?
False
Is 31775891 composite?
True
Is 241057821 a prime number?
False
Is 9349061 a prime number?
True
Is 1445921 composite?
False
Is 9672973 composite?
False
Is 232481621 composite?
False
Is 9268811 composite?
False
Is 43532423 prime?
False
Is 5095429 composite?
False
Is 15434527 composite?
False
Is 41243561 prime?
True
Is 5828833 composite?
False
Is 15509957 composite?
False
Is 11701307 a composite number?
True
Is 46026863 composite?
False
Is 182280517 a prime number?
True
Is 141031799 a composite number?
False
Is 83935063 a prime number?
True
Is 3230819 composite?
True
Is 19905307 a composite number?
False
Is 84925057 composite?
True
Is 1218617 prime?
True
Is 30007043 composite?
True
Is 7540411 prime?
True
Is 16580363 prime?
True
Is 455395 a prime number?
False
Is 913567 a composite number?
True
Is 419144497 composite?
True
Is 3550973 a composite number?
True
Is 5583385 composite?
True
Is 20584957 a composite number?
False
Is 1555901 a prime number?
True
Is 16700713 composite?
False
Is 148259303 a composite number?
False
Is 72345071 prime?
True
Is 277709 a composite number?
True
Is 5331734 prime?
False
Is 29216065 prime?
False
Is 44723197 composite?
False
Is 75464057 prime?
False
Is 32735201 composite?
True
Is 13015367 a prime number?
False
Is 55951537 a prime number?
True
Is 351779 a composite number?
False
Is 3045487 a composite number?
True
Is 70949407 composite?
False
Is 286951 composite?
True
Is 301021 a composite number?
True
Is 6711527 a prime number?
False
Is 9414203 composite?
False
Is 10802183 composite?
True
Is 26906897 composite?
False
Is 45091717 a prime number?
False
Is 728172559 a prime number?
False
Is 114297959 a prime number?
False
Is 9599011 a composite number?
True
Is 2236637 a composite number?
True
Is 8938961 prime?
True
Is 658289 a composite number?
True
Is 7514597 a prime number?
True
Is 38449129 a composite number?
False
Is 10950981 composite?
True
Is 20181181 a composite number?
True
Is 4102793 prime?
True
Is